it of 6454334?
4
What is the ten thousands digit of 167669?
6
What is the hundreds digit of 1614878?
8
What is the tens digit of 697212?
1
What is the ten thousands digit of 832835?
3
What is the thousands digit of 120040?
0
What is the ten thousands digit of 1137089?
3
What is the units digit of 305266?
6
What is the hundred thousands digit of 10653610?
6
What is the units digit of 41006033?
3
What is the tens digit of 346483?
8
What is the ten thousands digit of 33742493?
4
What is the ten thousands digit of 99368?
9
What is the units digit of 9808716?
6
What is the hundred thousands digit of 3253017?
2
What is the tens digit of 228986?
8
What is the hundreds digit of 8234741?
7
What is the hundreds digit of 5143212?
2
What is the ten millions digit of 19274182?
1
What is the tens digit of 2579676?
7
What is the hundreds digit of 27117866?
8
What is the millions digit of 2351303?
2
What is the tens digit of 61465?
6
What is the ten thousands digit of 6082367?
8
What is the hundred thousands digit of 2750394?
7
What is the millions digit of 17623323?
7
What is the hundreds digit of 49052?
0
What is the units digit of 41310?
0
What is the hundreds digit of 539508?
5
What is the tens digit of 2133394?
9
What is the ten thousands digit of 10257455?
5
What is the tens digit of 7512548?
4
What is the units digit of 674431?
1
What is the units digit of 809997?
7
What is the thousands digit of 5596563?
6
What is the hundreds digit of 1026135?
1
What is the thousands digit of 8837534?
7
What is the hundreds digit of 150013?
0
What is the hundred thousands digit of 1261844?
2
What is the hundred thousands digit of 3511130?
5
What is the tens digit of 797567?
6
What is the thousands digit of 2007443?
7
What is the thousands digit of 153293?
3
What is the millions digit of 1538006?
1
What is the hundred thousands digit of 2199894?
1
What is the hundred thousands digit of 100083?
1
What is the millions digit of 2451401?
2
What is the hundreds digit of 5376666?
6
What is the hundreds digit of 508338?
3
What is the millions digit of 8651788?
8
What is the tens digit of 2976104?
0
What is the units digit of 137406?
6
What is the thousands digit of 735435?
5
What is the units digit of 946937?
7
What is the tens digit of 680750?
5
What is the thousands digit of 1228686?
8
What is the units digit of 1024270?
0
What is the tens digit of 4777234?
3
What is the thousands digit of 7482352?
2
What is the tens digit of 571798?
9
What is the millions digit of 4627599?
4
What is the units digit of 12523372?
2
What is the hundreds digit of 170555?
5
What is the hundred thousands digit of 610152?
6
What is the thousands digit of 52370?
2
What is the thousands digit of 6217429?
7
What is the ten thousands digit of 475944?
7
What is the units digit of 643750?
0
What is the hundreds digit of 27167341?
3
What is the units digit of 729865?
5
What is the millions digit of 1464681?
1
What is the ten thousands digit of 19801?
1
What is the hundred thousands digit of 2832921?
8
What is the units digit of 12771484?
4
What is the thousands digit of 1789844?
9
What is the hundred thousands digit of 9885210?
8
What is the hundreds digit of 8274338?
3
What is the units digit of 67614?
4
What is the units digit of 18570536?
6
What is the hundreds digit of 1800323?
3
What is the ten thousands digit of 767652?
6
What is the units digit of 1936631?
1
What is the thousands digit of 9108247?
8
What is the thousands digit of 2612204?
2
What is the ten thousands digit of 8649927?
4
What is the ten thousands digit of 1248021?
4
What is the ten thousands digit of 2020289?
2
What is the units digit of 10812392?
2
What is the hundreds digit of 4356409?
4
What is the ten thousands digit of 1498031?
9
What is the thousands digit of 451823?
1
What is the ten thousands digit of 3007153?
0
What is the hundreds digit of 111754?
7
What is the thousands digit of 282753?
2
What is the hundred thousands digit of 347695?
3
What is the tens digit of 53449?
4
What is the hundreds digit of 1207750?
7
What is the tens digit of 8043255?
5
What is the ten thousands digit of 490648?
9
What is the hundred thousands digit of 563651?
5
What is the hundreds digit of 5393938?
9
What is the tens digit of 40403242?
4
What is the thousands digit of 28705?
8
What is the ten millions digit of 33107753?
3
What is the hundred thousands digit of 419708?
4
What is the units digit of 6401826?
6
What is the hundred thousands digit of 2154799?
1
What is the tens digit of 716803?
0
What is the units digit of 926708?
8
What is the thousands digit of 7749324?
9
What is the hundred thousands digit of 10410652?
4
What is the hundreds digit of 130901?
9
What is the millions digit of 14193842?
4
What is the units digit of 88415?
5
What is the tens digit of 416795?
9
What is the ten thousands digit of 702389?
0
What is the tens digit of 331550?
5
What is the hundreds digit of 635326?
3
What is the thousands digit of 16094345?
4
What is the tens digit of 1933566?
6
What is the tens digit of 1831440?
4
What is the hundred thousands digit of 1180930?
1
What is the units digit of 2531455?
5
What is the tens digit of 10927699?
9
What is the hundred thousands digit of 19653864?
6
What is the thousands digit of 1747817?
7
What is the units digit of 5437585?
5
What is the hundred thousands digit of 410227?
4
What is the units digit of 218583?
3
What is the ten thousands digit of 1808607?
0
What is the units digit of 13217764?
4
What is the units digit of 479078?
8
What is the units digit of 384747?
7
What is the hundred thousands digit of 147394?
1
What is the hundred thousands digit of 676652?
6
What is the tens digit of 15288593?
9
What is the units digit of 4070196?
6
What is the ten thousands digit of 275785?
7
What is the hundred thousands digit of 542850?
5
What is the units digit of 278574?
4
What is the tens digit of 980389?
8
What is the hundred thousands digit of 189316?
1
What is the ten thousands digit of 129458?
2
What is the units digit of 2178022?
2
What is the thousands digit of 70124?
0
What is the units digit of 4669068?
8
What is the ten thousands digit of 400678?
0
What is the ten thousands digit of 7381495?
8
What is the hundreds digit of 521685?
6
What is the hundred thousands digit of 188351?
1
What is the hundreds digit of 780725?
7
What is the hundred thousands digit of 878879?
8
What is the hundred thousands digit of 176620?
1
What is the tens digit of 8785041?
4
What is the units digit of 7364427?
7
What is the hundreds digit of 647877?
8
What is the hundreds digit of 3260231?
2
What is the thousands digit of 3001093?
1
What is the thousands digit of 252399?
2
What is the ten thousands digit of 7706248?
0
What is the thousands digit of 200825?
0
What is the ten millions digit of 19275285?
1
What is the thousands digit of 140297?
0
What is the thousands digit of 32429603?
9
What is the ten thousands digit of 1218400?
1
What is the units digit of 506666?
6
What is the tens digit of 2822659?
5
What is the tens digit of 1153090?
9
What is the tens digit of 8921399?
9
What is the ten thousands digit of 247885?
4
What is the units digit of 392625?
5
What is the ten thousands digit of 71726?
7
What is the units digit of 17272445?
5
What is the hundreds digit of 2644772?
7
What is the hundred thousands digit of 196476?
1
What is the hundreds digit of 258674?
6
What is the hundreds digit of 1162012?
0
What is the ten thousands digit of 525268?
2
What is the tens digit of 458947?
4
What is the units digit of 287469?
9
What is the hundred thousands digit of 1538159?
5
What is the ten thousands digit of 3127713?
2
What is the tens digit of 177493?
9
What is the thousands digit of 199746?
9
What is the hundreds digit of 4953306?
3
What is the tens digit of 209803?
0
What is the thousands digit of 222542?
2
What is the units digit of 26878150?
0
What is the hundred thousands digit of 458115?
4
What is the ten thousands digit of 291711?
9
What is the hundreds digit of 190680?
6
What is the units digit of 30030846?
6
What is the ten thousands digit of 131195?
3
What is the units digit of 27066501?
1
What is the ten thousands digit of 2477111?
7
What is the hundreds digit of 248591?
5
What is the units digit of 61751?
1
What is th